{"id":746,"date":"2019-06-19T17:16:10","date_gmt":"2019-06-19T15:16:10","guid":{"rendered":"https:\/\/casa-amendoeira.com\/?page_id=746"},"modified":"2026-01-05T15:25:45","modified_gmt":"2026-01-05T13:25:45","slug":"otisk","status":"publish","type":"page","link":"https:\/\/casa-amendoeira.com\/cs\/imprint\/","title":{"rendered":"Otisk \/ z\u0159eknut\u00ed se odpov\u011bdnosti"},"content":{"rendered":"<div class=\"et_pb_section_0 et_pb_section et_pb_fullwidth_section et_section_regular et_block_section\"><section class=\"et_pb_fullwidth_header_0 et_pb_fullwidth_header et_pb_bg_layout_dark et_pb_text_align_left et_pb_module et_flex_module\"><div class=\"et_pb_fullwidth_header_container left\"><div class=\"header-content-container center\"><div class=\"header-content et_flex_module\"><h1 class=\"et_pb_module_header\">Otisk \/ z\u0159eknut\u00ed se odpov\u011bdnosti<\/h1><div class=\"et_pb_header_button_wrapper\"><\/div><\/div><\/div><\/div><div class=\"et_pb_fullwidth_header_overlay\"><\/div><div class=\"et_pb_fullwidth_header_scroll\"><\/div><\/section><\/div><div class=\"et_pb_section_1 et_pb_section et_section_regular et_block_section\"><div class=\"et_pb_row_0 et_pb_row et_block_row\"><div class=\"et_pb_column_0 et_pb_column et_pb_column_4_4 et-last-child et_block_column et_pb_css_mix_blend_mode_passthrough\"><div class=\"et_pb_text_0 et_pb_text et_pb_bg_layout_light et_pb_module et_block_module\"><div class=\"et_pb_text_inner\"><h2>Otisk<\/p>\n<p>Angaben gem\u00e4\u00df \u00a7 5 TMG<\/h2>\n<p>Marc Mennigmann<br \/>\nPedra Branca Caixa Postal 310-M<br \/>\n8600-253 Odiaxere<br \/>\nPortugalsko\n<\/p>\n<h2>Kontakt<\/h2>\n<p>Telefon: +351 911 919 817<br \/> E-mail: bookings@casa-amendoeira.com<\/p>\n<h2>Verantwortlich f\u00fcr den Inhalt nach \u00a7 55 Abs. 2 RStV<\/h2>\n<p>Marc Mennigmann, Adressdaten wie oben<\/p>\n<h3>Odpov\u011bdnost za obsah<\/h3>\n<p>Jako poskytovatel\u00e9 slu\u017eeb neseme odpov\u011bdnost za vlastn\u00ed obsah t\u011bchto webov\u00fdch str\u00e1nek podle \u00a7 7 odst. 1 n\u011bmeck\u00e9ho z\u00e1kona o telem\u00e9di\u00edch (TMG). Podle \u00a7 8 a\u017e 10 n\u011bmeck\u00e9ho z\u00e1kona o telem\u00e9di\u00edch (TMG) v\u0161ak poskytovatel\u00e9 slu\u017eeb nejsou povinni trvale sledovat odeslan\u00e9 nebo ulo\u017een\u00e9 informace ani vyhled\u00e1vat d\u016fkazy, kter\u00e9 by nazna\u010dovaly nez\u00e1konnou \u010dinnost.<br \/> Z\u00e1konn\u00e9 povinnosti t\u00fdkaj\u00edc\u00ed se odstran\u011bn\u00ed informac\u00ed nebo blokov\u00e1n\u00ed jejich pou\u017eit\u00ed z\u016fst\u00e1vaj\u00ed nezpochybn\u011bny. V tomto p\u0159\u00edpad\u011b je odpov\u011bdnost mo\u017en\u00e1 a\u017e v okam\u017eiku, kdy se dozv\u00edte o konkr\u00e9tn\u00edm poru\u0161en\u00ed z\u00e1kona. Nez\u00e1konn\u00fd obsah bude odstran\u011bn okam\u017eit\u011b v okam\u017eiku, kdy se o n\u011bm dozv\u00edme.<\/p>\n<h3>Odpov\u011bdnost za odkazy<\/h3>\n<p>Na\u0161e nab\u00eddka obsahuje odkazy na extern\u00ed webov\u00e9 str\u00e1nky t\u0159et\u00edch stran. Na obsah t\u011bchto str\u00e1nek nem\u00e1me \u017e\u00e1dn\u00fd vliv, proto za n\u011b nem\u016f\u017eeme ru\u010dit. Poskytovatel\u00e9 nebo spr\u00e1vci odkazovan\u00fdch webov\u00fdch str\u00e1nek jsou v\u017edy odpov\u011bdn\u00ed za sv\u016fj vlastn\u00ed obsah.<br \/> Propojen\u00e9 webov\u00e9 str\u00e1nky byly v dob\u011b vytvo\u0159en\u00ed odkazu zkontrolov\u00e1ny z hlediska mo\u017en\u00e9ho poru\u0161en\u00ed z\u00e1kona. Nez\u00e1konn\u00fd obsah nebyl v dob\u011b vytvo\u0159en\u00ed odkazu zji\u0161t\u011bn. Trval\u00fd monitoring obsahu propojen\u00fdch webov\u00fdch str\u00e1nek nelze na\u0159\u00eddit bez d\u016fvodn\u00fdch indici\u00ed, \u017ee do\u0161lo k poru\u0161en\u00ed z\u00e1kona. Neleg\u00e1ln\u00ed odkazy budou odstran\u011bny okam\u017eit\u011b v okam\u017eiku, kdy se o nich dozv\u00edme.<\/p>\n<h3>Autorsk\u00e1 pr\u00e1va<\/h3>\n<p>Obsah a kompilace zve\u0159ejn\u011bn\u00e9 na t\u011bchto webov\u00fdch str\u00e1nk\u00e1ch poskytovateli podl\u00e9haj\u00ed n\u011bmeck\u00fdm z\u00e1kon\u016fm o autorsk\u00fdch pr\u00e1vech. Reprodukce, \u00fapravy, \u0161\u00ed\u0159en\u00ed, jako\u017e i jak\u00e9koli pou\u017eit\u00ed nad r\u00e1mec autorsk\u00e9ho z\u00e1kona vy\u017eaduj\u00ed p\u00edsemn\u00fd souhlas autora nebo p\u016fvodce. Stahov\u00e1n\u00ed a kop\u00edrov\u00e1n\u00ed t\u011bchto webov\u00fdch str\u00e1nek je povoleno pouze pro soukrom\u00e9 pou\u017eit\u00ed.<br \/> Komer\u010dn\u00ed vyu\u017eit\u00ed na\u0161eho obsahu bez souhlasu autora je zak\u00e1z\u00e1no.<br \/> Autorsk\u00e1 pr\u00e1va t\u0159et\u00edch stran jsou respektov\u00e1na, pokud obsah t\u011bchto webov\u00fdch str\u00e1nek nepoch\u00e1z\u00ed od poskytovatele. P\u0159\u00edsp\u011bvky t\u0159et\u00edch stran na t\u011bchto str\u00e1nk\u00e1ch jsou jako takov\u00e9 ozna\u010deny. Pokud si v\u0161ak v\u0161imnete poru\u0161en\u00ed autorsk\u00e9ho pr\u00e1va, informujte n\u00e1s o tom. Takov\u00fd obsah bude neprodlen\u011b odstran\u011bn.<\/p>\n<p>Quelle: <a href=\"https:\/\/www.e-recht24.de\/impressum-generator.html\" target=\"_blank\" rel=\"noopener\">https:\/\/www.e-recht24.de\/impressum-generator.html<\/a><\/p>\n<\/div><\/div><\/div><\/div><\/div>","protected":false},"excerpt":{"rendered":"","protected":false},"author":1,"featured_media":0,"parent":0,"menu_order":0,"comment_status":"closed","ping_status":"closed","template":"","meta":{"footnotes":""},"simple-restrict-permission":[],"class_list":["post-746","page","type-page","status-publish","hentry"],"_links":{"self":[{"href":"https:\/\/casa-amendoeira.com\/cs\/wp-json\/wp\/v2\/pages\/746","targetHints":{"allow":["GET"]}}],"collection":[{"href":"https:\/\/casa-amendoeira.com\/cs\/wp-json\/wp\/v2\/pages"}],"about":[{"href":"https:\/\/casa-amendoeira.com\/cs\/wp-json\/wp\/v2\/types\/page"}],"author":[{"embeddable":true,"href":"https:\/\/casa-amendoeira.com\/cs\/wp-json\/wp\/v2\/users\/1"}],"replies":[{"embeddable":true,"href":"https:\/\/casa-amendoeira.com\/cs\/wp-json\/wp\/v2\/comments?post=746"}],"version-history":[{"count":1,"href":"https:\/\/casa-amendoeira.com\/cs\/wp-json\/wp\/v2\/pages\/746\/revisions"}],"predecessor-version":[{"id":4188,"href":"https:\/\/casa-amendoeira.com\/cs\/wp-json\/wp\/v2\/pages\/746\/revisions\/4188"}],"wp:attachment":[{"href":"https:\/\/casa-amendoeira.com\/cs\/wp-json\/wp\/v2\/media?parent=746"}],"wp:term":[{"taxonomy":"simple-restrict-permission","embeddable":true,"href":"https:\/\/casa-amendoeira.com\/cs\/wp-json\/wp\/v2\/simple-restrict-permission?post=746"}],"curies":[{"name":"wp","href":"https:\/\/api.w.org\/{rel}","templated":true}]}}

Otisk / zřeknutí se odpovědnosti

<div class="et_pb_section_0 et_pb_section et_pb_fullwidth_section et_section_regular et_block_section"><section class="et_pb_fullwidth_header_0 et_pb_fullwidth_header et_pb_bg_layout_dark et_pb_text_align_left et_pb_module et_flex_module"><div class="et_pb_fullwidth_header_container left"><div class="header-content-container center"><div class="header-content et_flex_module"><h1 class="et_pb_module_header">Otisk / zřeknutí se odpovědnosti</h1><div class="et_pb_header_button_wrapper"></div></div></div></div><div class="et_pb_fullwidth_header_overlay"></div><div class="et_pb_fullwidth_header_scroll"></div></section></div><div class="et_pb_section_1 et_pb_section et_section_regular et_block_section"><div class="et_pb_row_0 et_pb_row et_block_row"><div class="et_pb_column_0 et_pb_column et_pb_column_4_4 et-last-child et_block_column et_pb_css_mix_blend_mode_passthrough"><div class="et_pb_text_0 et_pb_text et_pb_bg_layout_light et_pb_module et_block_module"><div class="et_pb_text_inner"><h2>Otisk</p>
<p>Angaben gemäß § 5 TMG</h2>
<p>Marc Mennigmann<br />
Pedra Branca Caixa Postal 310-M<br />
8600-253 Odiaxere<br />
Portugalsko
</p>
<h2>Kontakt</h2>
<p>Telefon: +351 911 919 817<br /> E-mail: bookings@casa-amendoeira.com</p>
<h2>Verantwortlich für den Inhalt nach § 55 Abs. 2 RStV</h2>
<p>Marc Mennigmann, Adressdaten wie oben</p>
<h3>Odpovědnost za obsah</h3>
<p>Jako poskytovatelé služeb neseme odpovědnost za vlastní obsah těchto webových stránek podle § 7 odst. 1 německého zákona o telemédiích (TMG). Podle § 8 až 10 německého zákona o telemédiích (TMG) však poskytovatelé služeb nejsou povinni trvale sledovat odeslané nebo uložené informace ani vyhledávat důkazy, které by naznačovaly nezákonnou činnost.<br /> Zákonné povinnosti týkající se odstranění informací nebo blokování jejich použití zůstávají nezpochybněny. V tomto případě je odpovědnost možná až v okamžiku, kdy se dozvíte o konkrétním porušení zákona. Nezákonný obsah bude odstraněn okamžitě v okamžiku, kdy se o něm dozvíme.</p>
<h3>Odpovědnost za odkazy</h3>
<p>Naše nabídka obsahuje odkazy na externí webové stránky třetích stran. Na obsah těchto stránek nemáme žádný vliv, proto za ně nemůžeme ručit. Poskytovatelé nebo správci odkazovaných webových stránek jsou vždy odpovědní za svůj vlastní obsah.<br /> Propojené webové stránky byly v době vytvoření odkazu zkontrolovány z hlediska možného porušení zákona. Nezákonný obsah nebyl v době vytvoření odkazu zjištěn. Trvalý monitoring obsahu propojených webových stránek nelze nařídit bez důvodných indicií, že došlo k porušení zákona. Nelegální odkazy budou odstraněny okamžitě v okamžiku, kdy se o nich dozvíme.</p>
<h3>Autorská práva</h3>
<p>Obsah a kompilace zveřejněné na těchto webových stránkách poskytovateli podléhají německým zákonům o autorských právech. Reprodukce, úpravy, šíření, jakož i jakékoli použití nad rámec autorského zákona vyžadují písemný souhlas autora nebo původce. Stahování a kopírování těchto webových stránek je povoleno pouze pro soukromé použití.<br /> Komerční využití našeho obsahu bez souhlasu autora je zakázáno.<br /> Autorská práva třetích stran jsou respektována, pokud obsah těchto webových stránek nepochází od poskytovatele. Příspěvky třetích stran na těchto stránkách jsou jako takové označeny. Pokud si však všimnete porušení autorského práva, informujte nás o tom. Takový obsah bude neprodleně odstraněn.</p>
<p>Quelle: <a href="https://www.e-recht24.de/impressum-generator.html" target="_blank" rel="noopener">https://www.e-recht24.de/impressum-generator.html</a></p>
</div></div></div></div></div>
