{"id":746,"date":"2019-06-19T17:16:10","date_gmt":"2019-06-19T15:16:10","guid":{"rendered":"https:\/\/casa-amendoeira.com\/?page_id=746"},"modified":"2026-01-05T15:25:45","modified_gmt":"2026-01-05T13:25:45","slug":"impression","status":"publish","type":"page","link":"https:\/\/casa-amendoeira.com\/fr\/imprint\/","title":{"rendered":"Mentions l\u00e9gales \/ Disclaimer"},"content":{"rendered":"<div class=\"et_pb_section_0 et_pb_section et_pb_fullwidth_section et_section_regular et_block_section\"><section class=\"et_pb_fullwidth_header_0 et_pb_fullwidth_header et_pb_bg_layout_dark et_pb_text_align_left et_pb_module et_flex_module\"><div class=\"et_pb_fullwidth_header_container left\"><div class=\"header-content-container center\"><div class=\"header-content et_flex_module\"><h1 class=\"et_pb_module_header\">Mentions l\u00e9gales \/ Disclaimer<\/h1><div class=\"et_pb_header_button_wrapper\"><\/div><\/div><\/div><\/div><div class=\"et_pb_fullwidth_header_overlay\"><\/div><div class=\"et_pb_fullwidth_header_scroll\"><\/div><\/section><\/div><div class=\"et_pb_section_1 et_pb_section et_section_regular et_block_section\"><div class=\"et_pb_row_0 et_pb_row et_block_row\"><div class=\"et_pb_column_0 et_pb_column et_pb_column_4_4 et-last-child et_block_column et_pb_css_mix_blend_mode_passthrough\"><div class=\"et_pb_text_0 et_pb_text et_pb_bg_layout_light et_pb_module et_block_module\"><div class=\"et_pb_text_inner\"><h2>Impression<\/p>\n<p>Commentaires selon l'article 5 TMG<\/h2>\n<p>Marc Mennigmann<br \/>\nPedra Branca Caixa Postal 310-M<br \/>\n8600-253 Odiaxere<br \/>\nPortugal\n<\/p>\n<h2>Kontakt<\/h2>\n<p>Telefon : +351 911 919 817<br \/> Courriel : bookings@casa-amendoeira.com<\/p>\n<h2>Verantwortlich f\u00fcr den Inhalt nach \u00a7 55 Abs. 2 RStV<\/h2>\n<p>Marc Mennigmann, Adressdaten wie oben<\/p>\n<h3>Responsabilit\u00e9 du contenu<\/h3>\n<p>En tant que prestataires de services, nous sommes responsables des contenus propres de ces sites web conform\u00e9ment \u00e0 l'article 7, paragraphe 1 de la loi allemande sur les t\u00e9l\u00e9m\u00e9dias (TMG). Toutefois, conform\u00e9ment aux articles 8 \u00e0 10 de la loi allemande sur les t\u00e9l\u00e9m\u00e9dias (TMG), les prestataires de services ne sont pas tenus de surveiller en permanence les informations transmises ou stock\u00e9es, ni de rechercher des preuves d'activit\u00e9s ill\u00e9gales.<br \/> Les obligations l\u00e9gales de suppression des informations ou de blocage de l'utilisation des informations ne sont pas remises en cause. Dans ce cas, la responsabilit\u00e9 n'est possible qu'au moment de la connaissance d'une violation sp\u00e9cifique de la loi. Les contenus ill\u00e9gaux seront imm\u00e9diatement supprim\u00e9s d\u00e8s que nous en aurons connaissance.<\/p>\n<h3>Responsabilit\u00e9 pour les liens<\/h3>\n<p>Notre offre comprend des liens vers des sites Web externes de tiers. Nous n'avons aucune influence sur le contenu de ces sites et ne pouvons donc pas nous porter garants de leur contenu. Les fournisseurs ou administrateurs des sites li\u00e9s sont toujours responsables de leur propre contenu.<br \/> Les sites web li\u00e9s ont \u00e9t\u00e9 contr\u00f4l\u00e9s quant \u00e0 d'\u00e9ventuelles violations de la loi au moment de l'\u00e9tablissement du lien. Aucun contenu ill\u00e9gal n'a \u00e9t\u00e9 d\u00e9tect\u00e9 au moment de l'\u00e9tablissement du lien. Un contr\u00f4le permanent du contenu des sites li\u00e9s ne peut \u00eatre impos\u00e9 sans indices raisonnables d'une violation de la loi. Les liens ill\u00e9gaux seront imm\u00e9diatement supprim\u00e9s d\u00e8s que nous en aurons connaissance.<\/p>\n<h3>Copyright<\/h3>\n<p>Les contenus et les compilations publi\u00e9s sur ces sites par les fournisseurs sont soumis aux lois allemandes sur le droit d'auteur. La reproduction, l'\u00e9dition, la distribution ainsi que l'utilisation de toute sorte en dehors du cadre de la loi sur le droit d'auteur n\u00e9cessitent une autorisation \u00e9crite de l'auteur ou du cr\u00e9ateur. Les t\u00e9l\u00e9chargements et les copies de ces sites web ne sont autoris\u00e9s que pour un usage priv\u00e9.<br \/> L'utilisation commerciale de nos contenus sans l'autorisation de l'auteur est interdite.<br \/> Les droits d'auteur des tiers sont respect\u00e9s pour autant que le contenu de ces sites ne provienne pas du fournisseur. Les contributions de tiers sur ce site sont indiqu\u00e9es comme telles. Toutefois, si vous constatez une quelconque violation du droit d'auteur, veuillez nous en informer. De tels contenus seront imm\u00e9diatement supprim\u00e9s.<\/p>\n<p>Quelle : <a href=\"https:\/\/www.e-recht24.de\/impressum-generator.html\" target=\"_blank\" rel=\"noopener\">https:\/\/www.e-recht24.de\/impressum-generator.html<\/a><\/p>\n<\/div><\/div><\/div><\/div><\/div>","protected":false},"excerpt":{"rendered":"","protected":false},"author":1,"featured_media":0,"parent":0,"menu_order":0,"comment_status":"closed","ping_status":"closed","template":"","meta":{"footnotes":""},"simple-restrict-permission":[],"class_list":["post-746","page","type-page","status-publish","hentry"],"_links":{"self":[{"href":"https:\/\/casa-amendoeira.com\/fr\/wp-json\/wp\/v2\/pages\/746","targetHints":{"allow":["GET"]}}],"collection":[{"href":"https:\/\/casa-amendoeira.com\/fr\/wp-json\/wp\/v2\/pages"}],"about":[{"href":"https:\/\/casa-amendoeira.com\/fr\/wp-json\/wp\/v2\/types\/page"}],"author":[{"embeddable":true,"href":"https:\/\/casa-amendoeira.com\/fr\/wp-json\/wp\/v2\/users\/1"}],"replies":[{"embeddable":true,"href":"https:\/\/casa-amendoeira.com\/fr\/wp-json\/wp\/v2\/comments?post=746"}],"version-history":[{"count":1,"href":"https:\/\/casa-amendoeira.com\/fr\/wp-json\/wp\/v2\/pages\/746\/revisions"}],"predecessor-version":[{"id":4188,"href":"https:\/\/casa-amendoeira.com\/fr\/wp-json\/wp\/v2\/pages\/746\/revisions\/4188"}],"wp:attachment":[{"href":"https:\/\/casa-amendoeira.com\/fr\/wp-json\/wp\/v2\/media?parent=746"}],"wp:term":[{"taxonomy":"simple-restrict-permission","embeddable":true,"href":"https:\/\/casa-amendoeira.com\/fr\/wp-json\/wp\/v2\/simple-restrict-permission?post=746"}],"curies":[{"name":"wp","href":"https:\/\/api.w.org\/{rel}","templated":true}]}}

Mentions légales / Disclaimer

<div class="et_pb_section_0 et_pb_section et_pb_fullwidth_section et_section_regular et_block_section"><section class="et_pb_fullwidth_header_0 et_pb_fullwidth_header et_pb_bg_layout_dark et_pb_text_align_left et_pb_module et_flex_module"><div class="et_pb_fullwidth_header_container left"><div class="header-content-container center"><div class="header-content et_flex_module"><h1 class="et_pb_module_header">Mentions légales / Disclaimer</h1><div class="et_pb_header_button_wrapper"></div></div></div></div><div class="et_pb_fullwidth_header_overlay"></div><div class="et_pb_fullwidth_header_scroll"></div></section></div><div class="et_pb_section_1 et_pb_section et_section_regular et_block_section"><div class="et_pb_row_0 et_pb_row et_block_row"><div class="et_pb_column_0 et_pb_column et_pb_column_4_4 et-last-child et_block_column et_pb_css_mix_blend_mode_passthrough"><div class="et_pb_text_0 et_pb_text et_pb_bg_layout_light et_pb_module et_block_module"><div class="et_pb_text_inner"><h2>Impression</p>
<p>Commentaires selon l'article 5 TMG</h2>
<p>Marc Mennigmann<br />
Pedra Branca Caixa Postal 310-M<br />
8600-253 Odiaxere<br />
Portugal
</p>
<h2>Kontakt</h2>
<p>Telefon : +351 911 919 817<br /> Courriel : bookings@casa-amendoeira.com</p>
<h2>Verantwortlich für den Inhalt nach § 55 Abs. 2 RStV</h2>
<p>Marc Mennigmann, Adressdaten wie oben</p>
<h3>Responsabilité du contenu</h3>
<p>En tant que prestataires de services, nous sommes responsables des contenus propres de ces sites web conformément à l'article 7, paragraphe 1 de la loi allemande sur les télémédias (TMG). Toutefois, conformément aux articles 8 à 10 de la loi allemande sur les télémédias (TMG), les prestataires de services ne sont pas tenus de surveiller en permanence les informations transmises ou stockées, ni de rechercher des preuves d'activités illégales.<br /> Les obligations légales de suppression des informations ou de blocage de l'utilisation des informations ne sont pas remises en cause. Dans ce cas, la responsabilité n'est possible qu'au moment de la connaissance d'une violation spécifique de la loi. Les contenus illégaux seront immédiatement supprimés dès que nous en aurons connaissance.</p>
<h3>Responsabilité pour les liens</h3>
<p>Notre offre comprend des liens vers des sites Web externes de tiers. Nous n'avons aucune influence sur le contenu de ces sites et ne pouvons donc pas nous porter garants de leur contenu. Les fournisseurs ou administrateurs des sites liés sont toujours responsables de leur propre contenu.<br /> Les sites web liés ont été contrôlés quant à d'éventuelles violations de la loi au moment de l'établissement du lien. Aucun contenu illégal n'a été détecté au moment de l'établissement du lien. Un contrôle permanent du contenu des sites liés ne peut être imposé sans indices raisonnables d'une violation de la loi. Les liens illégaux seront immédiatement supprimés dès que nous en aurons connaissance.</p>
<h3>Copyright</h3>
<p>Les contenus et les compilations publiés sur ces sites par les fournisseurs sont soumis aux lois allemandes sur le droit d'auteur. La reproduction, l'édition, la distribution ainsi que l'utilisation de toute sorte en dehors du cadre de la loi sur le droit d'auteur nécessitent une autorisation écrite de l'auteur ou du créateur. Les téléchargements et les copies de ces sites web ne sont autorisés que pour un usage privé.<br /> L'utilisation commerciale de nos contenus sans l'autorisation de l'auteur est interdite.<br /> Les droits d'auteur des tiers sont respectés pour autant que le contenu de ces sites ne provienne pas du fournisseur. Les contributions de tiers sur ce site sont indiquées comme telles. Toutefois, si vous constatez une quelconque violation du droit d'auteur, veuillez nous en informer. De tels contenus seront immédiatement supprimés.</p>
<p>Quelle : <a href="https://www.e-recht24.de/impressum-generator.html" target="_blank" rel="noopener">https://www.e-recht24.de/impressum-generator.html</a></p>
</div></div></div></div></div>
